)/6. What is the units digit of 30 - (-4)/j*0?
0
Suppose 3*t = -12, w + 4*t + 20 = 3*w. Suppose 5*k - w*a - 3*a = -5, k - 1 = 3*a. What is the units digit of 2 - (0/1 + k)?
4
Let y be 2/3 - 56/(-6). Let d(r) = -r**3 + 7*r**2 - r + 7. Let l be d(7). Suppose -q = -l*q - y. What is the tens digit of q?
1
Let q = 837 - 533. What is the hundreds digit of q?
3
Let p(j) = -3*j - 1. Let x be p(1). Let q = 18 + x. What is the units digit of q?
4
Let f be (-14)/4*(-5 - -7). Let t = f - -16. What is the units digit of t?
9
Suppose -2*d = -2*c - 9 - 21, -2*d - 5*c + 2 = 0. Let s = d - -7. What is the units digit of s?
8
Let r(q) = -q - 1 + 4 + 2. Let g be 0/(2 - 2 - -2). What is the units digit of r(g)?
5
Let x(n) = 3*n**3 - 3*n + 3. Let a be x(2). What is the units digit of (2 - -1)*14/a?
2
Let t(q) be the third derivative of -q**5/60 + q**4/4 + q**3/6 + 11*q**2. Let p = 21 + -15. What is the units digit of t(p)?
1
Suppose -6*m = -0*m - 288. What is the units digit of m?
8
Let w(a) = -a**2 - 1 + 2*a**2 - 2*a**2 - 6*a. Let m(f) = f**2 + 11*f + 6. Let r be m(-10). What is the units digit of w(r)?
7
Suppose 4*o + v - 12 = 0, -5*o - 2*v - 2*v = -26. Suppose 4*j + 2*h = -h + 7, -o*j + 5*h = 3. What is the units digit of j?
1
Let z = 165 + -69. What is the tens digit of z?
9
Let y = -2 - -4. What is the units digit of (1 - 4*y)/(-1)?
7
Let b(u) = 2*u + 22. Let j(f) = f + 11. Let v(g) = -2*b(g) + 5*j(g). What is the units digit of v(8)?
9
Let r(n) = n**2 + 2*n + 1. Let u be r(-1). Suppose -l - l = u. Suppose -3*i - f + 24 = l, -4*i + 2*i = -2*f - 8. What is the units digit of i?
7
Let b(g) = -5*g**2 + 14*g + 4. Let t(p) = 14*p**2 - 41*p - 12. Let f(x) = 17*b(x) + 6*t(x). What is the tens digit of f(-5)?
1
Suppose 3*t + 46 = -5*f, 5*f - 3*t + t + 36 = 0. Let p(u) = -2*u + 3. What is the units digit of p(f)?
9
Let q = 17 - 17. Suppose -2*a = 2*v - 52, q = -3*v - 2*v + 4*a + 103. What is the units digit of v?
3
Let i = -30 + 31. What is the units digit of i?
1
Suppose 4*p = -0*p - 2*s + 18, s - 6 = -p. Suppose p*m = -3, -3*b - 4*m + 8*m = -103. Suppose 2*v - b = -v + t, t = v - 13. What is the units digit of v?
0
Let f be ((-2)/6)/((-1)/(-21)). Let i = 16 + f. What is the units digit of i?
9
Let t(w) be the first derivative of 1/2*w**2 + 0*w - 1. What is the units digit of t(3)?
3
Let j be (-1 - 21 - 2)/1. Let i be j/(-14) + (-6)/(-21). What is the units digit of i/1 + (-3 - -4)?
3
Suppose 3*n - z = 2, -n - 3*z + 2 = -2*n. Suppose -2*r = -6*r + 12. Suppose 0 = -r*i + n + 8. What is the units digit of i?
3
Suppose 2*k = d + 3, -d + 3*k = -5*d - 1. Let t(p) = 1 + 9*p**2 + 6*p**2 + 0. What is the tens digit of t(d)?
1
Suppose 0 = -4*d + 146 + 214. What is the units digit of d?
0
What is the units digit of -6*(-1)/(8/84)?
3
Suppose -5*p + 16 = -14. What is the units digit of p?
6
Let n be (0 + -8)/(2/(-20)). Let j be (n/4)/(1 - 0). What is the units digit of (3/(-12))/((-1)/j)?
5
Suppose 2*j = 5*z - 2*j - 170, -4*j + 40 = 2*z. Let q = z + -20. What is the units digit of q?
0
Suppose -5*s = 10, 4*s - 2*s = 3*p - 256. What is the units digit of p?
4
Let y(z) = z. Let h be y(8). What is the units digit of (h/10)/(6/45)?
6
Suppose -411 - 64 = -5*s + 5*u, u + 395 = 4*s. What is the units digit of s?
0
Let c(q) = -75*q**3 + 3*q**2 + q. What is the units digit of c(-1)?
7
Let p(n) = 3*n - n - 3*n - 3. Let q be p(-3). Suppose q*f = 4*f - 4, 4*i - 86 = -2*f. What is the tens digit of i?
2
Let j(v) = -2*v + 1. Let b be j(-2). Suppose 0 = -4*u - u - b. What is the units digit of 1*(8*1 - u)?
9
Let i be 2 - (-1 - -1) - -3. Suppose -i = -b - 4. What is the units digit of b?
1
What is the hundreds digit of -3*(-91 + 0*(-3)/(-12))?
2
Let z = -13 - -22. Let f(j) = -j**2 + 9*j + 12. What is the tens digit of f(z)?
1
Let n = -10 - -20. Suppose 0 = 2*d - n - 50. Suppose -2*h = h - d. What is the units digit of h?
0
What is the hundreds digit of (2/(-3))/1*3042/(-12)?
1
Let x = 409 + -150. What is the tens digit of x?
5
Suppose -2*n - 8 = 0, -m = n + 2*n + 20. Let k(r) = r**3 + 7*r**2 - 8*r + 1. What is the units digit of k(m)?
1
Suppose 0 = 3*v - 17 - 1. What is the units digit of v?
6
Let h(f) = 5*f**2 - 3*f + 3. What is the tens digit of h(3)?
3
Suppose -w = 4*t - 0*w - 709, -5*w = 5*t - 890. What is the tens digit of t?
7
Suppose -2*c = -4*l + 354, 3*l + 4*c - c - 270 = 0. What is the tens digit of l?
8
Let k(m) = m**2 - m + 4. Let s be k(0). Suppose s*t = 79 - 19. Suppose t = 2*i - 15. What is the tens digit of i?
1
Let d(w) = -w**2 - 2*w + 12. Let z be d(-5). What is the tens digit of -3*(37/z - -4)?
2
Let g be (-3)/(1 + 2) + 7. Suppose g*a = a - 70. What is the units digit of a/(-4)*(3 + -1)?
7
Suppose -31 + 339 = 2*r. What is the units digit of r?
4
Let l = -454 - -642. What is the tens digit of l?
8
Suppose 17 = -5*z + 77. What is the tens digit of z?
1
Let t(u) = 2*u - 5. Let g be t(4). Let d be (1/g)/(1/6). Suppose s - d = -1. What is the units digit of s?
1
Suppose g + 75 = 3*m, m + 5*g - 57 = -2*m. What is the units digit of m?
4
Let n(m) = -m - 6. Let u be n(-15). What is the units digit of u/11 + 6/33?
1
Suppose 7*y = 3*y + s + 3, 0 = -3*y - s + 4. Let j(m) = 16*m**2. What is the units digit of j(y)?
6
Suppose 2*v + 2*v - 264 = 0. Suppose 2*o = -20 + v. What is the units digit of o?
3
What is the units digit of (-4 + 7)*((-453)/(-9) + -1)?
8
Let p(z) = z**3 + 8*z**2 + 5*z + 1. What is the units digit of p(-4)?
5
Let n(o) = o**3 + o**2 + o + 1. Let u(d) = -d**3 - 2*d**2 + 2*d - 4. Let l be u(-3). Let b be n(l). What is the units digit of (0 + 2 + b)*4?
8
Let t = 52 + 10. What is the units digit of t?
2
What is the units digit of (0 - -5)*4/10?
2
Let x = -9 - -7. What is the tens digit of x/6*(-53 - -11)?
1
Suppose -3*h = -3 - 15. What is the units digit of h?
6
Suppose -2*x + 35 = -23. Suppose 4 = i - x. Suppose -4*s + i = 5. What is the units digit of s?
7
Suppose 2*j + 32 = 4*b, 3*b = 2*j - 4*j + 24. What is the tens digit of 31 + (b - (3 + 1))?
3
Let h be ((-29)/3)/(1/(-42)). What is the units digit of (-27)/45 + h/10?
0
Suppose -3*w + 7 = 1. Suppose -115 = -w*j - 3*j. What is the tens digit of j?
2
Let s(r) = -r**3 - 4*r**2 - 5*r - 8. What is the tens digit of s(-4)?
1
Suppose 0 = -0*z - 2*z - 18. Let h = -4 - z. Suppose -4*i = -5*t + 1, -h*t = 4*i - 2*t - 7. What is the units digit of i?
1
Let z = 11 - 8. What is the units digit of -1*z/((-9)/6)?
2
What is the hundreds digit of (6/10)/(-1) + (-13453)/(-55)?
2
Suppose 790 = 8*m - 18. What is the tens digit of m?
0
Let j be 4/3 - (-8)/12. Suppose 0 = j*n + 2*n - 32. What is the units digit of n?
8
Suppose 3*h - 8*h = 195. Let x = 75 + h. What is the tens digit of x?
3
Suppose o = -2*p - 9 - 33, o - 4*p = -24. Let x = -17 - o. What is the units digit of x?
9
Let v(g) be the second derivative of g**5/20 + 2*g**4/3 + g**3 + 5*g**2 - 6*g. What is the units digit of v(-7)?
7
Let f(i) = -3*i**2 + 20*i**3 + 2*i**2 - 16*i**3 + 15*i**3. What is the units digit of f(1)?
8
Let t(c) = -c. Let b(k) = -8*k - 1. Let p(r) = b(r) - 4*t(r). What is the units digit of p(-4)?
5
Let p be (129/6)/((-2)/(-4)). Suppose o - p + 6 = -3*u, 3*u - 35 = -2*o. What is the tens digit of u?
1
What is the tens digit of (2 - -2)*5/((-20)/(-107))?
0
Suppose 10 = s + s. Suppose s*b = -3*v - 17 - 18, 3*b + 2*v = -21. Let c(y) = y**3 + 7*y**2 - y. What is the units digit of c(b)?
7
Let r(v) = v**3 - 7*v**2 + 8*v - 9. Let m be r(6). Suppose 29 = m*k + 5. What is the units digit of k?
8
Let d(l) be the first derivative of l**4/2 + l**2/2 + 2*l - 1. Let g be d(-2). Let u = -11 - g. What is the units digit of u?
5
Let s(x) = x**3 - 3*x**2 + 2*x + 2. Let n be s(2). Suppose 2*p + 3*z = 3 + 1, 2*p + n*z - 8 = 0. What is the units digit of p?
8
What is the units digit of (-4 + 2 - (-5 - 70))/1?
3
Let h be 23/(-5) + (-9)/(-15). Let q(j) = -2*j - 5. Let v be q(h). Suppose g = -0*g + v. What is the units digit of g?
3
Suppose -8*r + 1656 = 4*r. What is the tens digit of r?
3
Suppose 0*w + w - 39 = 0. Let o = w + -21. What is the units digit of o?
8
Let s = 11 + -6. Suppose -s = -4*p - 1. What is the units digit of p?
1
What is the tens digit of 27 + 3 + 0 + 4?
3
Let j = 47 - 33. What is the tens digit of (4 + 0)/(4/j)?
1
Suppose 0 = l + 3*l - 156. Suppose 5*g = -l 